{"id":2429,"date":"2024-02-14T13:38:24","date_gmt":"2024-02-14T11:38:24","guid":{"rendered":"https:\/\/www.olohuone.fi\/?post_type=product&#038;p=2429"},"modified":"2024-06-20T13:39:27","modified_gmt":"2024-06-20T10:39:27","slug":"tukkipoika","status":"publish","type":"product","link":"https:\/\/www.olohuone.fi\/?product=tukkipoika","title":{"rendered":"Tukkipoika"},"content":{"rendered":"<p>Tukkipojan avulla saat puun kiinnitetty\u00e4 helposti ja nopeasti karsimista ja pilkkomista varten. Ty\u00f6nn\u00e4 tyvip\u00e4\u00e4 kitaan ja puu pysyy paikallaan.<\/p>\n<p>Tukkipoika sein\u00e4kiinnitysmalli kiinnitet\u00e4\u00e4n ruuveilla vajan sein\u00e4\u00e4n ja tukijalka painetaan maahan.<\/p>\n<p><a href=\"https:\/\/www.olohuone.fi\/?attachment_id=2431\" rel=\"attachment wp-att-2431\"><img loading=\"lazy\" decoding=\"async\" class=\"alignleft size-medium wp-image-2431\" src=\"https:\/\/www.olohuone.fi\/wp-content\/uploads\/2024\/02\/Tukkipoika-3D-2-300x300.jpg\" alt=\"Tukkipoika ruunrankateline\" width=\"300\" height=\"300\" srcset=\"https:\/\/www.olohuone.fi\/wp-content\/uploads\/2024\/02\/Tukkipoika-3D-2-300x300.jpg 300w, https:\/\/www.olohuone.fi\/wp-content\/uploads\/2024\/02\/Tukkipoika-3D-2-150x150.jpg 150w, https:\/\/www.olohuone.fi\/wp-content\/uploads\/2024\/02\/Tukkipoika-3D-2-768x768.jpg 768w, https:\/\/www.olohuone.fi\/wp-content\/uploads\/2024\/02\/Tukkipoika-3D-2-324x324.jpg 324w, https:\/\/www.olohuone.fi\/wp-content\/uploads\/2024\/02\/Tukkipoika-3D-2-416x416.jpg 416w, https:\/\/www.olohuone.fi\/wp-content\/uploads\/2024\/02\/Tukkipoika-3D-2-100x100.jpg 100w, https:\/\/www.olohuone.fi\/wp-content\/uploads\/2024\/02\/Tukkipoika-3D-2.jpg 800w\" sizes=\"auto, (max-width: 300px) 100vw, 300px\" \/><\/a> <a href=\"https:\/\/www.olohuone.fi\/?attachment_id=2430\" rel=\"attachment wp-att-2430\"><img loading=\"lazy\" decoding=\"async\" class=\"alignleft size-medium wp-image-2430\" src=\"https:\/\/www.olohuone.fi\/wp-content\/uploads\/2024\/02\/Tukkipoika-3D-1-300x300.jpg\" alt=\"Tukkipoika puunrankateline\" width=\"300\" height=\"300\" srcset=\"https:\/\/www.olohuone.fi\/wp-content\/uploads\/2024\/02\/Tukkipoika-3D-1-300x300.jpg 300w, https:\/\/www.olohuone.fi\/wp-content\/uploads\/2024\/02\/Tukkipoika-3D-1-150x150.jpg 150w, https:\/\/www.olohuone.fi\/wp-content\/uploads\/2024\/02\/Tukkipoika-3D-1-768x768.jpg 768w, https:\/\/www.olohuone.fi\/wp-content\/uploads\/2024\/02\/Tukkipoika-3D-1-324x324.jpg 324w, https:\/\/www.olohuone.fi\/wp-content\/uploads\/2024\/02\/Tukkipoika-3D-1-416x416.jpg 416w, https:\/\/www.olohuone.fi\/wp-content\/uploads\/2024\/02\/Tukkipoika-3D-1-100x100.jpg 100w, https:\/\/www.olohuone.fi\/wp-content\/uploads\/2024\/02\/Tukkipoika-3D-1.jpg 800w\" sizes=\"auto, (max-width: 300px) 100vw, 300px\" \/><\/a><\/p>\n","protected":false},"excerpt":{"rendered":"<p>Tukkipojan avulla saat puun kiinnitetty\u00e4 helposti ja nopeasti karsimista ja pilkkomista varten.<\/p>\n","protected":false},"featured_media":2430,"comment_status":"open","ping_status":"closed","template":"","meta":[],"product_brand":[],"product_cat":[54],"product_tag":[56,60,57,59,58,61,55],"class_list":{"0":"post-2429","1":"product","2":"type-product","3":"status-publish","4":"has-post-thumbnail","6":"product_cat-piha-ja-puutarha","7":"product_tag-karsiminen","8":"product_tag-katkaisu","9":"product_tag-pilkkominen","10":"product_tag-pilkonta","11":"product_tag-puu","12":"product_tag-teline","13":"product_tag-tukkipoika","14":"product_shipping_class-perustoimituskulu-15","16":"first","17":"instock","18":"taxable","19":"shipping-taxable","20":"purchasable","21":"product-type-simple"},"jetpack_sharing_enabled":true,"_links":{"self":[{"href":"https:\/\/www.olohuone.fi\/index.php?rest_route=\/wp\/v2\/product\/2429","targetHints":{"allow":["GET"]}}],"collection":[{"href":"https:\/\/www.olohuone.fi\/index.php?rest_route=\/wp\/v2\/product"}],"about":[{"href":"https:\/\/www.olohuone.fi\/index.php?rest_route=\/wp\/v2\/types\/product"}],"replies":[{"embeddable":true,"href":"https:\/\/www.olohuone.fi\/index.php?rest_route=%2Fwp%2Fv2%2Fcomments&post=2429"}],"wp:featuredmedia":[{"embeddable":true,"href":"https:\/\/www.olohuone.fi\/index.php?rest_route=\/wp\/v2\/media\/2430"}],"wp:attachment":[{"href":"https:\/\/www.olohuone.fi\/index.php?rest_route=%2Fwp%2Fv2%2Fmedia&parent=2429"}],"wp:term":[{"taxonomy":"product_brand","embeddable":true,"href":"https:\/\/www.olohuone.fi\/index.php?rest_route=%2Fwp%2Fv2%2Fproduct_brand&post=2429"},{"taxonomy":"product_cat","embeddable":true,"href":"https:\/\/www.olohuone.fi\/index.php?rest_route=%2Fwp%2Fv2%2Fproduct_cat&post=2429"},{"taxonomy":"product_tag","embeddable":true,"href":"https:\/\/www.olohuone.fi\/index.php?rest_route=%2Fwp%2Fv2%2Fproduct_tag&post=2429"}],"curies":[{"name":"wp","href":"https:\/\/api.w.org\/{rel}","templated":true}]}}