{"id":1890,"date":"2018-08-28T10:17:09","date_gmt":"2018-08-28T07:17:09","guid":{"rendered":"http:\/\/www.olohuone.fi\/?page_id=1890"},"modified":"2018-08-28T10:17:09","modified_gmt":"2018-08-28T07:17:09","slug":"suklaamousse","status":"publish","type":"page","link":"https:\/\/www.olohuone.fi\/?page_id=1890","title":{"rendered":"Suklaamousse"},"content":{"rendered":"<p>5 annosta<\/p>\n<p>&nbsp;<\/p>\n<p><em>Ainekset<\/em><\/p>\n<p>2 dl kuohukermaa<\/p>\n<p>100 g taloussuklaata<\/p>\n<p>&nbsp;<\/p>\n<p><em>Valmistus<\/em><\/p>\n<ol>\n<li>Paloittele suklaa valmiiksi.<\/li>\n<li>Mittaa kermasta 0,75 dl kattilaan. Kuumenna kiehuvaksi.<\/li>\n<li>Nosta kattila levylt\u00e4. Sekoita joukkoon paloiteltu suklaa. Sekoita, kunnes suklaa on sulanut ja seos on tasaista. Anna j\u00e4\u00e4hty\u00e4.<\/li>\n<li>Vatkaa loppu kerma (1,25 dl) vaahdoksi.<\/li>\n<li>Yhdist\u00e4 j\u00e4\u00e4htynyt suklaaseos ja kermavaahto.<\/li>\n<li>Lusikoi pieniin annoslaseihin, pilttipurkkeihin tai kahvikuppeihin.<\/li>\n<li>Peit\u00e4 ja nosta j\u00e4\u00e4kaappiin v\u00e4h. 1 &#8211; 2 tunniksi, jotta maut tasoittuvat.<\/li>\n<li>Nauti sellaisenaan tai koristele. Koristeiksi sopivat esim. pistaasip\u00e4hkin\u00e4rouhe paahdettuna, (valko)suklaarouhe, piparimurut, kuivatut karpalot tai mustikat tai paahdetut, kuorelliset mantelilastut.<\/li>\n<\/ol>\n<p>L\u00e4hde (hitusen muutettu): Valio.\u00a0<a href=\"https:\/\/www.valio.fi\/reseptit\/suklaamousse\/?gclid=CjwKCAjw5ZPcBRBkEiwA-avvk7eqDLMMKRugrCF-PWq_h4NaJYysLF43WTmRHQR5wLSSSlKetT6_LxoCXe0QAvD_BwE&amp;gclsrc=aw.ds&amp;dclid=CMfM186Zj90CFRjXmgodV5YObw\">https:\/\/www.valio.fi\/reseptit\/suklaamousse\/?gclid=CjwKCAjw5ZPcBRBkEiwA-avvk7eqDLMMKRugrCF-PWq_h4NaJYysLF43WTmRHQR5wLSSSlKetT6_LxoCXe0QAvD_BwE&amp;gclsrc=aw.ds&amp;dclid=CMfM186Zj90CFRjXmgodV5YObw<\/a>. Luettu 28.8.2018.<\/p>\n<p>&nbsp;<\/p>\n<p>&nbsp;<\/p>\n<p>&nbsp;<\/p>\n<p>&nbsp;<\/p>\n<p>&nbsp;<\/p>\n","protected":false},"excerpt":{"rendered":"<p>5 annosta &nbsp; Ainekset 2 dl kuohukermaa 100 g taloussuklaata &nbsp; Valmistus Paloittele suklaa valmiiksi. Mittaa kermasta 0,75 dl kattilaan. Kuumenna kiehuvaksi. Nosta kattila levylt\u00e4. Sekoita joukkoon paloiteltu suklaa. Sekoita, kunnes suklaa on sulanut ja seos on tasaista. Anna j\u00e4\u00e4hty\u00e4. Vatkaa loppu kerma (1,25 dl) vaahdoksi. Yhdist\u00e4 j\u00e4\u00e4htynyt suklaaseos ja kermavaahto. Lusikoi pieniin annoslaseihin, pilttipurkkeihin [&hellip;]<\/p>\n","protected":false},"author":4,"featured_media":0,"parent":1818,"menu_order":0,"comment_status":"open","ping_status":"open","template":"","meta":{"footnotes":""},"class_list":["post-1890","page","type-page","status-publish","hentry"],"jetpack_sharing_enabled":true,"_links":{"self":[{"href":"https:\/\/www.olohuone.fi\/index.php?rest_route=\/wp\/v2\/pages\/1890","targetHints":{"allow":["GET"]}}],"collection":[{"href":"https:\/\/www.olohuone.fi\/index.php?rest_route=\/wp\/v2\/pages"}],"about":[{"href":"https:\/\/www.olohuone.fi\/index.php?rest_route=\/wp\/v2\/types\/page"}],"author":[{"embeddable":true,"href":"https:\/\/www.olohuone.fi\/index.php?rest_route=\/wp\/v2\/users\/4"}],"replies":[{"embeddable":true,"href":"https:\/\/www.olohuone.fi\/index.php?rest_route=%2Fwp%2Fv2%2Fcomments&post=1890"}],"version-history":[{"count":1,"href":"https:\/\/www.olohuone.fi\/index.php?rest_route=\/wp\/v2\/pages\/1890\/revisions"}],"predecessor-version":[{"id":1891,"href":"https:\/\/www.olohuone.fi\/index.php?rest_route=\/wp\/v2\/pages\/1890\/revisions\/1891"}],"up":[{"embeddable":true,"href":"https:\/\/www.olohuone.fi\/index.php?rest_route=\/wp\/v2\/pages\/1818"}],"wp:attachment":[{"href":"https:\/\/www.olohuone.fi\/index.php?rest_route=%2Fwp%2Fv2%2Fmedia&parent=1890"}],"curies":[{"name":"wp","href":"https:\/\/api.w.org\/{rel}","templated":true}]}}