{"id":165,"date":"2011-06-14T00:19:28","date_gmt":"2011-06-13T21:19:28","guid":{"rendered":"http:\/\/www.olohuone.fi\/www2\/?page_id=165"},"modified":"2018-08-28T14:34:05","modified_gmt":"2018-08-28T11:34:05","slug":"ruoka","status":"publish","type":"page","link":"https:\/\/www.olohuone.fi\/?page_id=165","title":{"rendered":"Pekoniin k\u00e4\u00e4rityt Aji Cristalit (VHH)"},"content":{"rendered":"<p>Pekoniin k\u00e4\u00e4rityt Aurajuustolla t\u00e4ytetyt Aji Cristal -chilit<\/p>\n<div id='gallery-1' class='gallery galleryid-165 gallery-columns-3 gallery-size-thumbnail'><figure class='gallery-item'>\n\t\t\t<div class='gallery-icon portrait'>\n\t\t\t\t<a href='https:\/\/www.olohuone.fi\/wp-content\/uploads\/2011\/06\/ajicristalpekoni1.jpg'><img loading=\"lazy\" decoding=\"async\" width=\"150\" height=\"150\" src=\"https:\/\/www.olohuone.fi\/wp-content\/uploads\/2011\/06\/ajicristalpekoni1-150x150.jpg\" class=\"attachment-thumbnail size-thumbnail\" alt=\"\" srcset=\"https:\/\/www.olohuone.fi\/wp-content\/uploads\/2011\/06\/ajicristalpekoni1-150x150.jpg 150w, https:\/\/www.olohuone.fi\/wp-content\/uploads\/2011\/06\/ajicristalpekoni1-324x324.jpg 324w, https:\/\/www.olohuone.fi\/wp-content\/uploads\/2011\/06\/ajicristalpekoni1-100x100.jpg 100w\" sizes=\"auto, (max-width: 150px) 100vw, 150px\" \/><\/a>\n\t\t\t<\/div><\/figure><figure class='gallery-item'>\n\t\t\t<div class='gallery-icon landscape'>\n\t\t\t\t<a href='https:\/\/www.olohuone.fi\/wp-content\/uploads\/2011\/06\/ajicristalpekoni2.jpg'><img loading=\"lazy\" decoding=\"async\" width=\"150\" height=\"150\" src=\"https:\/\/www.olohuone.fi\/wp-content\/uploads\/2011\/06\/ajicristalpekoni2-150x150.jpg\" class=\"attachment-thumbnail size-thumbnail\" alt=\"\" srcset=\"https:\/\/www.olohuone.fi\/wp-content\/uploads\/2011\/06\/ajicristalpekoni2-150x150.jpg 150w, https:\/\/www.olohuone.fi\/wp-content\/uploads\/2011\/06\/ajicristalpekoni2-324x324.jpg 324w, https:\/\/www.olohuone.fi\/wp-content\/uploads\/2011\/06\/ajicristalpekoni2-100x100.jpg 100w\" sizes=\"auto, (max-width: 150px) 100vw, 150px\" \/><\/a>\n\t\t\t<\/div><\/figure><figure class='gallery-item'>\n\t\t\t<div class='gallery-icon landscape'>\n\t\t\t\t<a href='https:\/\/www.olohuone.fi\/wp-content\/uploads\/2011\/06\/ajicristalpekoni3.jpg'><img loading=\"lazy\" decoding=\"async\" width=\"150\" height=\"150\" src=\"https:\/\/www.olohuone.fi\/wp-content\/uploads\/2011\/06\/ajicristalpekoni3-150x150.jpg\" class=\"attachment-thumbnail size-thumbnail\" alt=\"\" srcset=\"https:\/\/www.olohuone.fi\/wp-content\/uploads\/2011\/06\/ajicristalpekoni3-150x150.jpg 150w, https:\/\/www.olohuone.fi\/wp-content\/uploads\/2011\/06\/ajicristalpekoni3-324x324.jpg 324w, https:\/\/www.olohuone.fi\/wp-content\/uploads\/2011\/06\/ajicristalpekoni3-100x100.jpg 100w\" sizes=\"auto, (max-width: 150px) 100vw, 150px\" \/><\/a>\n\t\t\t<\/div><\/figure><figure class='gallery-item'>\n\t\t\t<div class='gallery-icon landscape'>\n\t\t\t\t<a href='https:\/\/www.olohuone.fi\/wp-content\/uploads\/2011\/06\/ajicristalpekoni4.jpg'><img loading=\"lazy\" decoding=\"async\" width=\"150\" height=\"150\" src=\"https:\/\/www.olohuone.fi\/wp-content\/uploads\/2011\/06\/ajicristalpekoni4-150x150.jpg\" class=\"attachment-thumbnail size-thumbnail\" alt=\"\" srcset=\"https:\/\/www.olohuone.fi\/wp-content\/uploads\/2011\/06\/ajicristalpekoni4-150x150.jpg 150w, https:\/\/www.olohuone.fi\/wp-content\/uploads\/2011\/06\/ajicristalpekoni4-324x324.jpg 324w, https:\/\/www.olohuone.fi\/wp-content\/uploads\/2011\/06\/ajicristalpekoni4-100x100.jpg 100w\" sizes=\"auto, (max-width: 150px) 100vw, 150px\" \/><\/a>\n\t\t\t<\/div><\/figure><figure class='gallery-item'>\n\t\t\t<div class='gallery-icon landscape'>\n\t\t\t\t<a href='https:\/\/www.olohuone.fi\/wp-content\/uploads\/2011\/06\/ajicristalpekoni5.jpg'><img loading=\"lazy\" decoding=\"async\" width=\"150\" height=\"150\" src=\"https:\/\/www.olohuone.fi\/wp-content\/uploads\/2011\/06\/ajicristalpekoni5-150x150.jpg\" class=\"attachment-thumbnail size-thumbnail\" alt=\"\" srcset=\"https:\/\/www.olohuone.fi\/wp-content\/uploads\/2011\/06\/ajicristalpekoni5-150x150.jpg 150w, https:\/\/www.olohuone.fi\/wp-content\/uploads\/2011\/06\/ajicristalpekoni5-324x324.jpg 324w, https:\/\/www.olohuone.fi\/wp-content\/uploads\/2011\/06\/ajicristalpekoni5-100x100.jpg 100w\" sizes=\"auto, (max-width: 150px) 100vw, 150px\" \/><\/a>\n\t\t\t<\/div><\/figure><figure class='gallery-item'>\n\t\t\t<div class='gallery-icon landscape'>\n\t\t\t\t<a href='https:\/\/www.olohuone.fi\/wp-content\/uploads\/2011\/07\/kahvikone_olohuone_fi.jpg'><img loading=\"lazy\" decoding=\"async\" width=\"150\" height=\"150\" src=\"https:\/\/www.olohuone.fi\/wp-content\/uploads\/2011\/07\/kahvikone_olohuone_fi-150x150.jpg\" class=\"attachment-thumbnail size-thumbnail\" alt=\"\" srcset=\"https:\/\/www.olohuone.fi\/wp-content\/uploads\/2011\/07\/kahvikone_olohuone_fi-150x150.jpg 150w, https:\/\/www.olohuone.fi\/wp-content\/uploads\/2011\/07\/kahvikone_olohuone_fi-324x324.jpg 324w, https:\/\/www.olohuone.fi\/wp-content\/uploads\/2011\/07\/kahvikone_olohuone_fi-100x100.jpg 100w\" sizes=\"auto, (max-width: 150px) 100vw, 150px\" \/><\/a>\n\t\t\t<\/div><\/figure><figure class='gallery-item'>\n\t\t\t<div class='gallery-icon portrait'>\n\t\t\t\t<a href='https:\/\/www.olohuone.fi\/wp-content\/uploads\/2011\/07\/kahvia.png'><img loading=\"lazy\" decoding=\"async\" width=\"150\" height=\"150\" src=\"https:\/\/www.olohuone.fi\/wp-content\/uploads\/2011\/07\/kahvia-150x150.png\" class=\"attachment-thumbnail size-thumbnail\" alt=\"Coffee types\" srcset=\"https:\/\/www.olohuone.fi\/wp-content\/uploads\/2011\/07\/kahvia-150x150.png 150w, https:\/\/www.olohuone.fi\/wp-content\/uploads\/2011\/07\/kahvia-324x324.png 324w, https:\/\/www.olohuone.fi\/wp-content\/uploads\/2011\/07\/kahvia-100x100.png 100w\" sizes=\"auto, (max-width: 150px) 100vw, 150px\" \/><\/a>\n\t\t\t<\/div><\/figure>\n\t\t<\/div>\n\n<p>1. Poista Aji Cristal -chileist\u00e4 siemenet.<br \/>\n2. T\u00e4yt\u00e4 chilit Aurajuustolla.<br \/>\n3. K\u00e4\u00e4ri chilit pekoniin.<br \/>\n4. Grillaa ja sy\u00f6 esimerkiksi grillatun Halloum-juuston kera.<\/p>\n<p>&nbsp;<\/p>\n","protected":false},"excerpt":{"rendered":"<p>Pekoniin k\u00e4\u00e4rityt Aurajuustolla t\u00e4ytetyt Aji Cristal -chilit 1. Poista Aji Cristal -chileist\u00e4 siemenet. 2. T\u00e4yt\u00e4 chilit Aurajuustolla. 3. K\u00e4\u00e4ri chilit pekoniin. 4. Grillaa ja sy\u00f6 esimerkiksi grillatun Halloum-juuston kera. &nbsp;<\/p>\n","protected":false},"author":1,"featured_media":168,"parent":1818,"menu_order":5,"comment_status":"open","ping_status":"open","template":"","meta":{"footnotes":""},"class_list":["post-165","page","type-page","status-publish","has-post-thumbnail","hentry"],"jetpack_sharing_enabled":true,"_links":{"self":[{"href":"https:\/\/www.olohuone.fi\/index.php?rest_route=\/wp\/v2\/pages\/165","targetHints":{"allow":["GET"]}}],"collection":[{"href":"https:\/\/www.olohuone.fi\/index.php?rest_route=\/wp\/v2\/pages"}],"about":[{"href":"https:\/\/www.olohuone.fi\/index.php?rest_route=\/wp\/v2\/types\/page"}],"author":[{"embeddable":true,"href":"https:\/\/www.olohuone.fi\/index.php?rest_route=\/wp\/v2\/users\/1"}],"replies":[{"embeddable":true,"href":"https:\/\/www.olohuone.fi\/index.php?rest_route=%2Fwp%2Fv2%2Fcomments&post=165"}],"version-history":[{"count":6,"href":"https:\/\/www.olohuone.fi\/index.php?rest_route=\/wp\/v2\/pages\/165\/revisions"}],"predecessor-version":[{"id":1908,"href":"https:\/\/www.olohuone.fi\/index.php?rest_route=\/wp\/v2\/pages\/165\/revisions\/1908"}],"up":[{"embeddable":true,"href":"https:\/\/www.olohuone.fi\/index.php?rest_route=\/wp\/v2\/pages\/1818"}],"wp:featuredmedia":[{"embeddable":true,"href":"https:\/\/www.olohuone.fi\/index.php?rest_route=\/wp\/v2\/media\/168"}],"wp:attachment":[{"href":"https:\/\/www.olohuone.fi\/index.php?rest_route=%2Fwp%2Fv2%2Fmedia&parent=165"}],"curies":[{"name":"wp","href":"https:\/\/api.w.org\/{rel}","templated":true}]}}